{"id":94,"date":"2020-03-31T00:56:02","date_gmt":"2020-03-30T22:56:02","guid":{"rendered":"http:\/\/www.fannycaron-osteo.fr\/?page_id=94"},"modified":"2020-03-31T18:30:16","modified_gmt":"2020-03-31T16:30:16","slug":"legislation","status":"publish","type":"page","link":"https:\/\/www.fannycaron-osteo.fr\/index.php\/osteopathie\/legislation\/","title":{"rendered":"L\u00e9gislation"},"content":{"rendered":"\n<p>La l\u00e9gislation autour de l&rsquo;ost\u00e9opathie est assez r\u00e9cente.<\/p>\n\n\n\n<p>Depuis l\u2019<a href=\"https:\/\/www.legifrance.gouv.fr\/affichTexteArticle.do;jsessionid=0BA0673F770BB45AAA84870502590474.tplgfr21s_1?idArticle=LEGIARTI000031549014&amp;cidTexte=LEGITEXT000005632379&amp;dateTexte=20200331\">article 75 de la loi n\u00b02002-303 du 4 mars 2002<\/a> , l\u2019ost\u00e9opathie est officiellement reconnue en France. Cette loi est relative aux droits des malades et \u00e0 la qualit\u00e9 du syst\u00e8me de sant\u00e9.<\/p>\n\n\n\n<p>Par cons\u00e9quent, les d\u00e9crets d\u2019application parus le 25 mars 2007 encadrent cette profession. Ils d\u00e9finissent les actes ost\u00e9opathiques autoris\u00e9s ainsi que la formation p\u00e9dagogique minimum n\u00e9cessaire \u00e0 l\u2019obtention du dipl\u00f4me en ost\u00e9opathie (D.O.). <\/p>\n\n\n\n<p>Enfin, en d\u00e9cembre 2014, deux nouveaux d\u00e9crets d\u00e9finissent la formation des ost\u00e9opathes. Ils remplacent ceux publi\u00e9s en 2007.<\/p>\n\n\n\n<p>La formation est de 5 ans post-bac. Elle comprend 4\u00a0860 heures de formation dont 1\u00a0500 heures de pratique clinique pour un minimum de 150 consultations valid\u00e9es.<\/p>\n","protected":false},"excerpt":{"rendered":"<p>La l\u00e9gislation autour de l&rsquo;ost\u00e9opathie est assez r\u00e9cente. Depuis l\u2019article 75 de la loi n\u00b02002-303 du 4 mars 2002 , l\u2019ost\u00e9opathie est officiellement reconnue en France. Cette loi est relative &hellip; <\/p>\n","protected":false},"author":1,"featured_media":0,"parent":35,"menu_order":2,"comment_status":"closed","ping_status":"closed","template":"","meta":{"footnotes":""},"class_list":["post-94","page","type-page","status-publish","hentry"],"yoast_head":"<!-- This site is optimized with the Yoast SEO plugin v27.5 - https:\/\/yoast.com\/product\/yoast-seo-wordpress\/ -->\n<title>L\u00e9gislation : Fanny Caron | Ost\u00e9opathe D.O. Dunkerque<\/title>\n<meta name=\"description\" content=\"Sur cette page, Fanny Caron | Ost\u00e9opathe D.O. Dunkerque vous pr\u00e9sente la L\u00e9gislation encadrant la profession d&#039;ost\u00e9opathe.\" \/>\n<meta name=\"robots\" content=\"index, follow, max-snippet:-1, max-image-preview:large, max-video-preview:-1\" \/>\n<link rel=\"canonical\" href=\"https:\/\/www.fannycaron-osteo.fr\/index.php\/osteopathie\/legislation\/\" \/>\n<meta property=\"og:locale\" content=\"fr_FR\" \/>\n<meta property=\"og:type\" content=\"article\" \/>\n<meta property=\"og:title\" content=\"L\u00e9gislation : Fanny Caron | Ost\u00e9opathe D.O. Dunkerque\" \/>\n<meta property=\"og:description\" content=\"Sur cette page, Fanny Caron | Ost\u00e9opathe D.O. Dunkerque vous pr\u00e9sente la L\u00e9gislation encadrant la profession d&#039;ost\u00e9opathe.\" \/>\n<meta property=\"og:url\" content=\"https:\/\/www.fannycaron-osteo.fr\/index.php\/osteopathie\/legislation\/\" \/>\n<meta property=\"og:site_name\" content=\"Fanny Caron | Ost\u00e9opathe D.O. Dunkerque\" \/>\n<meta property=\"article:publisher\" content=\"https:\/\/www.facebook.com\/Fanny-Caron-Ost%c3%a9opathe-Dunkerque-101578284813703\" \/>\n<meta property=\"article:modified_time\" content=\"2020-03-31T16:30:16+00:00\" \/>\n<meta name=\"twitter:card\" content=\"summary_large_image\" \/>\n<meta name=\"twitter:label1\" content=\"Dur\u00e9e de lecture estim\u00e9e\" \/>\n\t<meta name=\"twitter:data1\" content=\"1 minute\" \/>\n<script type=\"application\/ld+json\" class=\"yoast-schema-graph\">{\"@context\":\"https:\\\/\\\/schema.org\",\"@graph\":[{\"@type\":\"WebPage\",\"@id\":\"https:\\\/\\\/www.fannycaron-osteo.fr\\\/index.php\\\/osteopathie\\\/legislation\\\/\",\"url\":\"https:\\\/\\\/www.fannycaron-osteo.fr\\\/index.php\\\/osteopathie\\\/legislation\\\/\",\"name\":\"L\u00e9gislation : Fanny Caron | Ost\u00e9opathe D.O. Dunkerque\",\"isPartOf\":{\"@id\":\"https:\\\/\\\/www.fannycaron-osteo.fr\\\/#website\"},\"datePublished\":\"2020-03-30T22:56:02+00:00\",\"dateModified\":\"2020-03-31T16:30:16+00:00\",\"description\":\"Sur cette page, Fanny Caron | Ost\u00e9opathe D.O. Dunkerque vous pr\u00e9sente la L\u00e9gislation encadrant la profession d'ost\u00e9opathe.\",\"breadcrumb\":{\"@id\":\"https:\\\/\\\/www.fannycaron-osteo.fr\\\/index.php\\\/osteopathie\\\/legislation\\\/#breadcrumb\"},\"inLanguage\":\"fr-FR\",\"potentialAction\":[{\"@type\":\"ReadAction\",\"target\":[\"https:\\\/\\\/www.fannycaron-osteo.fr\\\/index.php\\\/osteopathie\\\/legislation\\\/\"]}]},{\"@type\":\"BreadcrumbList\",\"@id\":\"https:\\\/\\\/www.fannycaron-osteo.fr\\\/index.php\\\/osteopathie\\\/legislation\\\/#breadcrumb\",\"itemListElement\":[{\"@type\":\"ListItem\",\"position\":1,\"name\":\"Accueil\",\"item\":\"https:\\\/\\\/www.fannycaron-osteo.fr\\\/\"},{\"@type\":\"ListItem\",\"position\":2,\"name\":\"Ost\u00e9opathie : les champs d&rsquo;application\",\"item\":\"https:\\\/\\\/www.fannycaron-osteo.fr\\\/index.php\\\/osteopathie\\\/\"},{\"@type\":\"ListItem\",\"position\":3,\"name\":\"L\u00e9gislation\"}]},{\"@type\":\"WebSite\",\"@id\":\"https:\\\/\\\/www.fannycaron-osteo.fr\\\/#website\",\"url\":\"https:\\\/\\\/www.fannycaron-osteo.fr\\\/\",\"name\":\"Fanny Caron | Ost\u00e9opathe D.O. Dunkerque\",\"description\":\"\",\"publisher\":{\"@id\":\"https:\\\/\\\/www.fannycaron-osteo.fr\\\/#organization\"},\"potentialAction\":[{\"@type\":\"SearchAction\",\"target\":{\"@type\":\"EntryPoint\",\"urlTemplate\":\"https:\\\/\\\/www.fannycaron-osteo.fr\\\/?s={search_term_string}\"},\"query-input\":{\"@type\":\"PropertyValueSpecification\",\"valueRequired\":true,\"valueName\":\"search_term_string\"}}],\"inLanguage\":\"fr-FR\"},{\"@type\":\"Organization\",\"@id\":\"https:\\\/\\\/www.fannycaron-osteo.fr\\\/#organization\",\"name\":\"Fanny Caron | Ost\u00e9opathe D.O. Dunkerque\",\"url\":\"https:\\\/\\\/www.fannycaron-osteo.fr\\\/\",\"logo\":{\"@type\":\"ImageObject\",\"inLanguage\":\"fr-FR\",\"@id\":\"https:\\\/\\\/www.fannycaron-osteo.fr\\\/#\\\/schema\\\/logo\\\/image\\\/\",\"url\":\"https:\\\/\\\/i0.wp.com\\\/www.fannycaron-osteo.fr\\\/wp-content\\\/uploads\\\/2020\\\/03\\\/bandeau-2-2.png?fit=1000%2C168&ssl=1\",\"contentUrl\":\"https:\\\/\\\/i0.wp.com\\\/www.fannycaron-osteo.fr\\\/wp-content\\\/uploads\\\/2020\\\/03\\\/bandeau-2-2.png?fit=1000%2C168&ssl=1\",\"width\":1000,\"height\":168,\"caption\":\"Fanny Caron | Ost\u00e9opathe D.O. Dunkerque\"},\"image\":{\"@id\":\"https:\\\/\\\/www.fannycaron-osteo.fr\\\/#\\\/schema\\\/logo\\\/image\\\/\"},\"sameAs\":[\"https:\\\/\\\/www.facebook.com\\\/Fanny-Caron-Ost\u00e9opathe-Dunkerque-101578284813703\",\"https:\\\/\\\/g.page\\\/Fanny_Caron-Osteopathe_Dunkerque?gm\"]}]}<\/script>\n<!-- \/ Yoast SEO plugin. -->","yoast_head_json":{"title":"L\u00e9gislation : Fanny Caron | Ost\u00e9opathe D.O. Dunkerque","description":"Sur cette page, Fanny Caron | Ost\u00e9opathe D.O. Dunkerque vous pr\u00e9sente la L\u00e9gislation encadrant la profession d'ost\u00e9opathe.","robots":{"index":"index","follow":"follow","max-snippet":"max-snippet:-1","max-image-preview":"max-image-preview:large","max-video-preview":"max-video-preview:-1"},"canonical":"https:\/\/www.fannycaron-osteo.fr\/index.php\/osteopathie\/legislation\/","og_locale":"fr_FR","og_type":"article","og_title":"L\u00e9gislation : Fanny Caron | Ost\u00e9opathe D.O. Dunkerque","og_description":"Sur cette page, Fanny Caron | Ost\u00e9opathe D.O. Dunkerque vous pr\u00e9sente la L\u00e9gislation encadrant la profession d'ost\u00e9opathe.","og_url":"https:\/\/www.fannycaron-osteo.fr\/index.php\/osteopathie\/legislation\/","og_site_name":"Fanny Caron | Ost\u00e9opathe D.O. Dunkerque","article_publisher":"https:\/\/www.facebook.com\/Fanny-Caron-Ost%c3%a9opathe-Dunkerque-101578284813703","article_modified_time":"2020-03-31T16:30:16+00:00","twitter_card":"summary_large_image","twitter_misc":{"Dur\u00e9e de lecture estim\u00e9e":"1 minute"},"schema":{"@context":"https:\/\/schema.org","@graph":[{"@type":"WebPage","@id":"https:\/\/www.fannycaron-osteo.fr\/index.php\/osteopathie\/legislation\/","url":"https:\/\/www.fannycaron-osteo.fr\/index.php\/osteopathie\/legislation\/","name":"L\u00e9gislation : Fanny Caron | Ost\u00e9opathe D.O. Dunkerque","isPartOf":{"@id":"https:\/\/www.fannycaron-osteo.fr\/#website"},"datePublished":"2020-03-30T22:56:02+00:00","dateModified":"2020-03-31T16:30:16+00:00","description":"Sur cette page, Fanny Caron | Ost\u00e9opathe D.O. Dunkerque vous pr\u00e9sente la L\u00e9gislation encadrant la profession d'ost\u00e9opathe.","breadcrumb":{"@id":"https:\/\/www.fannycaron-osteo.fr\/index.php\/osteopathie\/legislation\/#breadcrumb"},"inLanguage":"fr-FR","potentialAction":[{"@type":"ReadAction","target":["https:\/\/www.fannycaron-osteo.fr\/index.php\/osteopathie\/legislation\/"]}]},{"@type":"BreadcrumbList","@id":"https:\/\/www.fannycaron-osteo.fr\/index.php\/osteopathie\/legislation\/#breadcrumb","itemListElement":[{"@type":"ListItem","position":1,"name":"Accueil","item":"https:\/\/www.fannycaron-osteo.fr\/"},{"@type":"ListItem","position":2,"name":"Ost\u00e9opathie : les champs d&rsquo;application","item":"https:\/\/www.fannycaron-osteo.fr\/index.php\/osteopathie\/"},{"@type":"ListItem","position":3,"name":"L\u00e9gislation"}]},{"@type":"WebSite","@id":"https:\/\/www.fannycaron-osteo.fr\/#website","url":"https:\/\/www.fannycaron-osteo.fr\/","name":"Fanny Caron | Ost\u00e9opathe D.O. Dunkerque","description":"","publisher":{"@id":"https:\/\/www.fannycaron-osteo.fr\/#organization"},"potentialAction":[{"@type":"SearchAction","target":{"@type":"EntryPoint","urlTemplate":"https:\/\/www.fannycaron-osteo.fr\/?s={search_term_string}"},"query-input":{"@type":"PropertyValueSpecification","valueRequired":true,"valueName":"search_term_string"}}],"inLanguage":"fr-FR"},{"@type":"Organization","@id":"https:\/\/www.fannycaron-osteo.fr\/#organization","name":"Fanny Caron | Ost\u00e9opathe D.O. Dunkerque","url":"https:\/\/www.fannycaron-osteo.fr\/","logo":{"@type":"ImageObject","inLanguage":"fr-FR","@id":"https:\/\/www.fannycaron-osteo.fr\/#\/schema\/logo\/image\/","url":"https:\/\/i0.wp.com\/www.fannycaron-osteo.fr\/wp-content\/uploads\/2020\/03\/bandeau-2-2.png?fit=1000%2C168&ssl=1","contentUrl":"https:\/\/i0.wp.com\/www.fannycaron-osteo.fr\/wp-content\/uploads\/2020\/03\/bandeau-2-2.png?fit=1000%2C168&ssl=1","width":1000,"height":168,"caption":"Fanny Caron | Ost\u00e9opathe D.O. Dunkerque"},"image":{"@id":"https:\/\/www.fannycaron-osteo.fr\/#\/schema\/logo\/image\/"},"sameAs":["https:\/\/www.facebook.com\/Fanny-Caron-Ost\u00e9opathe-Dunkerque-101578284813703","https:\/\/g.page\/Fanny_Caron-Osteopathe_Dunkerque?gm"]}]}},"jetpack_sharing_enabled":true,"_links":{"self":[{"href":"https:\/\/www.fannycaron-osteo.fr\/index.php\/wp-json\/wp\/v2\/pages\/94","targetHints":{"allow":["GET"]}}],"collection":[{"href":"https:\/\/www.fannycaron-osteo.fr\/index.php\/wp-json\/wp\/v2\/pages"}],"about":[{"href":"https:\/\/www.fannycaron-osteo.fr\/index.php\/wp-json\/wp\/v2\/types\/page"}],"author":[{"embeddable":true,"href":"https:\/\/www.fannycaron-osteo.fr\/index.php\/wp-json\/wp\/v2\/users\/1"}],"replies":[{"embeddable":true,"href":"https:\/\/www.fannycaron-osteo.fr\/index.php\/wp-json\/wp\/v2\/comments?post=94"}],"version-history":[{"count":3,"href":"https:\/\/www.fannycaron-osteo.fr\/index.php\/wp-json\/wp\/v2\/pages\/94\/revisions"}],"predecessor-version":[{"id":211,"href":"https:\/\/www.fannycaron-osteo.fr\/index.php\/wp-json\/wp\/v2\/pages\/94\/revisions\/211"}],"up":[{"embeddable":true,"href":"https:\/\/www.fannycaron-osteo.fr\/index.php\/wp-json\/wp\/v2\/pages\/35"}],"wp:attachment":[{"href":"https:\/\/www.fannycaron-osteo.fr\/index.php\/wp-json\/wp\/v2\/media?parent=94"}],"curies":[{"name":"wp","href":"https:\/\/api.w.org\/{rel}","templated":true}]}}