{"id":38,"date":"2020-03-30T23:58:27","date_gmt":"2020-03-30T21:58:27","guid":{"rendered":"http:\/\/fannycaron-osteo.fr\/?page_id=38"},"modified":"2020-03-31T16:48:13","modified_gmt":"2020-03-31T14:48:13","slug":"fanny-caron-osteopathe-dunkerque","status":"publish","type":"page","link":"https:\/\/www.fannycaron-osteo.fr\/","title":{"rendered":"Accueil"},"content":{"rendered":"<h1 style=\"text-align: center;\">Bienvenue sur le site du cabinet<\/h1>\n\n\n<div class=\"wp-block-group\"><div class=\"wp-block-group__inner-container is-layout-flow wp-block-group-is-layout-flow\">\n<h4 class=\"has-text-align-center wp-block-heading\">Fanny Caron, <\/h4>\n<\/div><\/div>\n\n\n\n<h4 class=\"has-text-align-center wp-block-heading\">dipl\u00f4m\u00e9e de l&rsquo;Institut sup\u00e9rieur d&rsquo;Ost\u00e9opathie de Lille, install\u00e9e depuis 2012 sur Dunkerque<\/h4>\n\n\n\n<div class=\"alignnormal\"><div id=\"metaslider-id-58\" style=\"width: 100%;\" class=\"ml-slider-3-108-0 metaslider metaslider-flex metaslider-58 ml-slider has-dots-nav ms-theme-default\" role=\"region\" aria-label=\"Accueil\" data-height=\"300\" data-width=\"700\">\n    <div id=\"metaslider_container_58\">\n        <div id=\"metaslider_58\">\n            <ul class='slides'>\n                <li style=\"display: block; width: 100%;\" class=\"slide-64 ms-image \" aria-roledescription=\"slide\" data-date=\"2020-03-31 00:32:09\" data-filename=\"accueil5-1-700x300.jpg\" data-slide-type=\"image\"><img data-recalc-dims=\"1\" fetchpriority=\"high\" decoding=\"async\" src=\"https:\/\/i0.wp.com\/www.fannycaron-osteo.fr\/wp-content\/uploads\/2020\/03\/accueil5-1.jpg?resize=700%2C300&#038;ssl=1\" height=\"300\" width=\"700\" alt=\"accueil5-1\" class=\"slider-58 slide-64 msDefaultImage\" title=\"accueil5-1\" \/><\/li>\n                <li style=\"display: none; width: 100%;\" class=\"slide-65 ms-image \" aria-roledescription=\"slide\" data-date=\"2020-03-31 00:32:10\" data-filename=\"accueil1-1-700x300.jpg\" data-slide-type=\"image\"><img data-recalc-dims=\"1\" decoding=\"async\" src=\"https:\/\/i0.wp.com\/www.fannycaron-osteo.fr\/wp-content\/uploads\/2020\/03\/accueil1-1.jpg?resize=700%2C300&#038;ssl=1\" height=\"300\" width=\"700\" alt=\"accueil1-1\" class=\"slider-58 slide-65 msDefaultImage\" title=\"accueil1-1\" \/><\/li>\n                <li style=\"display: none; width: 100%;\" class=\"slide-66 ms-image \" aria-roledescription=\"slide\" data-date=\"2020-03-31 00:32:10\" data-filename=\"accueil2-1-700x300.jpg\" data-slide-type=\"image\"><a href=\"https:\/\/www.fannycaron-osteo.fr\/index.php\/pourquoi-consulter\/le-nourrisson\/\" target=\"_self\" aria-label=\"Voir les d\u00e9tails de la diapositive\" class=\"metaslider_image_link\"><img data-recalc-dims=\"1\" decoding=\"async\" src=\"https:\/\/i0.wp.com\/www.fannycaron-osteo.fr\/wp-content\/uploads\/2020\/03\/accueil2-1.jpg?resize=700%2C300&#038;ssl=1\" height=\"300\" width=\"700\" alt=\"accueil2-1\" class=\"slider-58 slide-66 msDefaultImage\" title=\"accueil2-1\" \/><\/a><\/li>\n                <li style=\"display: none; width: 100%;\" class=\"slide-67 ms-image \" aria-roledescription=\"slide\" data-date=\"2020-03-31 00:32:10\" data-filename=\"accueil3-1-700x300.jpg\" data-slide-type=\"image\"><img data-recalc-dims=\"1\" loading=\"lazy\" decoding=\"async\" src=\"https:\/\/i0.wp.com\/www.fannycaron-osteo.fr\/wp-content\/uploads\/2020\/03\/accueil3-1.jpg?resize=700%2C300&#038;ssl=1\" height=\"300\" width=\"700\" alt=\"accueil3-1\" class=\"slider-58 slide-67 msDefaultImage\" title=\"accueil3-1\" \/><\/li>\n                <li style=\"display: none; width: 100%;\" class=\"slide-68 ms-image \" aria-roledescription=\"slide\" data-date=\"2020-03-31 00:32:11\" data-filename=\"accueil4-1-700x300.jpg\" data-slide-type=\"image\"><a href=\"https:\/\/www.fannycaron-osteo.fr\/index.php\/pourquoi-consulter\/la-femme-enceinte\/\" target=\"_self\" aria-label=\"Voir les d\u00e9tails de la diapositive\" class=\"metaslider_image_link\"><img data-recalc-dims=\"1\" loading=\"lazy\" decoding=\"async\" src=\"https:\/\/i0.wp.com\/www.fannycaron-osteo.fr\/wp-content\/uploads\/2020\/03\/accueil4-1.jpg?resize=700%2C300&#038;ssl=1\" height=\"300\" width=\"700\" alt=\"accueil4-1\" class=\"slider-58 slide-68 msDefaultImage\" title=\"accueil4-1\" \/><\/a><\/li>\n                <li style=\"display: none; width: 100%;\" class=\"slide-192 ms-image \" aria-roledescription=\"slide\" data-date=\"2020-03-31 12:55:29\" data-filename=\"accueil6-700x300.jpg\" data-slide-type=\"image\"><img data-recalc-dims=\"1\" loading=\"lazy\" decoding=\"async\" src=\"https:\/\/i0.wp.com\/www.fannycaron-osteo.fr\/wp-content\/uploads\/2020\/03\/accueil6.jpg?resize=700%2C300&#038;ssl=1\" height=\"300\" width=\"700\" alt=\"accueil6\" class=\"slider-58 slide-192 msDefaultImage\" title=\"accueil6\" \/><\/li>\n            <\/ul>\n        <\/div>\n        \n    <\/div>\n<\/div><\/div>\n\n\n\n<p style=\"color:#ffffff\" class=\"has-text-color has-text-align-center\">&#8212;&#8211;<\/p>\n\n\n\n<p>La prise de rendez-vous s&rsquo;effectue par t\u00e9l\u00e9phone : <a href=\"tel:0675997982\">06 75 99 79 82<\/a>. N&rsquo;h\u00e9sitez pas \u00e0 me contacter.<\/p>\n\n\n\n<p>L&rsquo;accueil en urgence est possible. Ainsi, vous pouvez me t\u00e9l\u00e9phoner pour en connaitre les disponibilit\u00e9s.<\/p>\n\n\n\n<p>Vous retrouverez sur le site :<\/p>\n\n\n\n<ul class=\"wp-block-list\"><li><a href=\"https:\/\/www.fannycaron-osteo.fr\/\">Pr\u00e9sentation du cabinet<\/a><\/li><li><a href=\"https:\/\/www.fannycaron-osteo.fr\/index.php\/osteopathie\/\">Qu&rsquo;est-ce que l&rsquo;ost\u00e9opathie ?<\/a><\/li><li><a href=\"https:\/\/www.fannycaron-osteo.fr\/index.php\/pourquoi-consulter\/\">Pourquoi consulter ?<\/a><\/li><\/ul>\n","protected":false},"excerpt":{"rendered":"<p>Bienvenue sur le site du cabinet. La prise de rendez-vous s&rsquo;effectue par t\u00e9l\u00e9phone. Je me tiens \u00e0 votre disposition.<\/p>\n","protected":false},"author":1,"featured_media":0,"parent":0,"menu_order":0,"comment_status":"closed","ping_status":"closed","template":"","meta":{"footnotes":""},"class_list":["post-38","page","type-page","status-publish","hentry"],"yoast_head":"<!-- This site is optimized with the Yoast SEO plugin v27.5 - https:\/\/yoast.com\/product\/yoast-seo-wordpress\/ -->\n<title>Fanny Caron | Ost\u00e9opathe D.O. Dunkerque : Accueil du site du Cabinet<\/title>\n<meta name=\"description\" content=\"Bienvenue sur le site Fanny Caron Ost\u00e9opathe Dunkerque. La prise de rendez-vous s&#039;effectue par t\u00e9l\u00e9phone. Je me tiens \u00e0 votre disposition.\" \/>\n<meta name=\"robots\" content=\"index, follow, max-snippet:-1, max-image-preview:large, max-video-preview:-1\" \/>\n<link rel=\"canonical\" href=\"https:\/\/www.fannycaron-osteo.fr\/\" \/>\n<meta property=\"og:locale\" content=\"fr_FR\" \/>\n<meta property=\"og:type\" content=\"article\" \/>\n<meta property=\"og:title\" content=\"Fanny Caron | Ost\u00e9opathe D.O. Dunkerque : Accueil du site du Cabinet\" \/>\n<meta property=\"og:description\" content=\"Bienvenue sur le site Fanny Caron Ost\u00e9opathe Dunkerque. La prise de rendez-vous s&#039;effectue par t\u00e9l\u00e9phone. Je me tiens \u00e0 votre disposition.\" \/>\n<meta property=\"og:url\" content=\"https:\/\/www.fannycaron-osteo.fr\/\" \/>\n<meta property=\"og:site_name\" content=\"Fanny Caron | Ost\u00e9opathe D.O. Dunkerque\" \/>\n<meta property=\"article:publisher\" content=\"https:\/\/www.facebook.com\/Fanny-Caron-Ost%c3%a9opathe-Dunkerque-101578284813703\" \/>\n<meta property=\"article:modified_time\" content=\"2020-03-31T14:48:13+00:00\" \/>\n<meta name=\"twitter:card\" content=\"summary_large_image\" \/>\n<script type=\"application\/ld+json\" class=\"yoast-schema-graph\">{\"@context\":\"https:\\\/\\\/schema.org\",\"@graph\":[{\"@type\":\"WebPage\",\"@id\":\"https:\\\/\\\/www.fannycaron-osteo.fr\\\/\",\"url\":\"https:\\\/\\\/www.fannycaron-osteo.fr\\\/\",\"name\":\"Fanny Caron | Ost\u00e9opathe D.O. Dunkerque : Accueil du site du Cabinet\",\"isPartOf\":{\"@id\":\"https:\\\/\\\/www.fannycaron-osteo.fr\\\/#website\"},\"datePublished\":\"2020-03-30T21:58:27+00:00\",\"dateModified\":\"2020-03-31T14:48:13+00:00\",\"description\":\"Bienvenue sur le site Fanny Caron Ost\u00e9opathe Dunkerque. La prise de rendez-vous s'effectue par t\u00e9l\u00e9phone. Je me tiens \u00e0 votre disposition.\",\"breadcrumb\":{\"@id\":\"https:\\\/\\\/www.fannycaron-osteo.fr\\\/#breadcrumb\"},\"inLanguage\":\"fr-FR\",\"potentialAction\":[{\"@type\":\"ReadAction\",\"target\":[\"https:\\\/\\\/www.fannycaron-osteo.fr\\\/\"]}]},{\"@type\":\"BreadcrumbList\",\"@id\":\"https:\\\/\\\/www.fannycaron-osteo.fr\\\/#breadcrumb\",\"itemListElement\":[{\"@type\":\"ListItem\",\"position\":1,\"name\":\"Accueil\",\"item\":\"https:\\\/\\\/www.fannycaron-osteo.fr\\\/\"},{\"@type\":\"ListItem\",\"position\":2,\"name\":\"Accueil\"}]},{\"@type\":\"WebSite\",\"@id\":\"https:\\\/\\\/www.fannycaron-osteo.fr\\\/#website\",\"url\":\"https:\\\/\\\/www.fannycaron-osteo.fr\\\/\",\"name\":\"Fanny Caron | Ost\u00e9opathe D.O. Dunkerque\",\"description\":\"\",\"publisher\":{\"@id\":\"https:\\\/\\\/www.fannycaron-osteo.fr\\\/#organization\"},\"potentialAction\":[{\"@type\":\"SearchAction\",\"target\":{\"@type\":\"EntryPoint\",\"urlTemplate\":\"https:\\\/\\\/www.fannycaron-osteo.fr\\\/?s={search_term_string}\"},\"query-input\":{\"@type\":\"PropertyValueSpecification\",\"valueRequired\":true,\"valueName\":\"search_term_string\"}}],\"inLanguage\":\"fr-FR\"},{\"@type\":\"Organization\",\"@id\":\"https:\\\/\\\/www.fannycaron-osteo.fr\\\/#organization\",\"name\":\"Fanny Caron | Ost\u00e9opathe D.O. Dunkerque\",\"url\":\"https:\\\/\\\/www.fannycaron-osteo.fr\\\/\",\"logo\":{\"@type\":\"ImageObject\",\"inLanguage\":\"fr-FR\",\"@id\":\"https:\\\/\\\/www.fannycaron-osteo.fr\\\/#\\\/schema\\\/logo\\\/image\\\/\",\"url\":\"https:\\\/\\\/i0.wp.com\\\/www.fannycaron-osteo.fr\\\/wp-content\\\/uploads\\\/2020\\\/03\\\/bandeau-2-2.png?fit=1000%2C168&ssl=1\",\"contentUrl\":\"https:\\\/\\\/i0.wp.com\\\/www.fannycaron-osteo.fr\\\/wp-content\\\/uploads\\\/2020\\\/03\\\/bandeau-2-2.png?fit=1000%2C168&ssl=1\",\"width\":1000,\"height\":168,\"caption\":\"Fanny Caron | Ost\u00e9opathe D.O. Dunkerque\"},\"image\":{\"@id\":\"https:\\\/\\\/www.fannycaron-osteo.fr\\\/#\\\/schema\\\/logo\\\/image\\\/\"},\"sameAs\":[\"https:\\\/\\\/www.facebook.com\\\/Fanny-Caron-Ost\u00e9opathe-Dunkerque-101578284813703\",\"https:\\\/\\\/g.page\\\/Fanny_Caron-Osteopathe_Dunkerque?gm\"]}]}<\/script>\n<!-- \/ Yoast SEO plugin. -->","yoast_head_json":{"title":"Fanny Caron | Ost\u00e9opathe D.O. Dunkerque : Accueil du site du Cabinet","description":"Bienvenue sur le site Fanny Caron Ost\u00e9opathe Dunkerque. La prise de rendez-vous s'effectue par t\u00e9l\u00e9phone. Je me tiens \u00e0 votre disposition.","robots":{"index":"index","follow":"follow","max-snippet":"max-snippet:-1","max-image-preview":"max-image-preview:large","max-video-preview":"max-video-preview:-1"},"canonical":"https:\/\/www.fannycaron-osteo.fr\/","og_locale":"fr_FR","og_type":"article","og_title":"Fanny Caron | Ost\u00e9opathe D.O. Dunkerque : Accueil du site du Cabinet","og_description":"Bienvenue sur le site Fanny Caron Ost\u00e9opathe Dunkerque. La prise de rendez-vous s'effectue par t\u00e9l\u00e9phone. Je me tiens \u00e0 votre disposition.","og_url":"https:\/\/www.fannycaron-osteo.fr\/","og_site_name":"Fanny Caron | Ost\u00e9opathe D.O. Dunkerque","article_publisher":"https:\/\/www.facebook.com\/Fanny-Caron-Ost%c3%a9opathe-Dunkerque-101578284813703","article_modified_time":"2020-03-31T14:48:13+00:00","twitter_card":"summary_large_image","schema":{"@context":"https:\/\/schema.org","@graph":[{"@type":"WebPage","@id":"https:\/\/www.fannycaron-osteo.fr\/","url":"https:\/\/www.fannycaron-osteo.fr\/","name":"Fanny Caron | Ost\u00e9opathe D.O. Dunkerque : Accueil du site du Cabinet","isPartOf":{"@id":"https:\/\/www.fannycaron-osteo.fr\/#website"},"datePublished":"2020-03-30T21:58:27+00:00","dateModified":"2020-03-31T14:48:13+00:00","description":"Bienvenue sur le site Fanny Caron Ost\u00e9opathe Dunkerque. La prise de rendez-vous s'effectue par t\u00e9l\u00e9phone. Je me tiens \u00e0 votre disposition.","breadcrumb":{"@id":"https:\/\/www.fannycaron-osteo.fr\/#breadcrumb"},"inLanguage":"fr-FR","potentialAction":[{"@type":"ReadAction","target":["https:\/\/www.fannycaron-osteo.fr\/"]}]},{"@type":"BreadcrumbList","@id":"https:\/\/www.fannycaron-osteo.fr\/#breadcrumb","itemListElement":[{"@type":"ListItem","position":1,"name":"Accueil","item":"https:\/\/www.fannycaron-osteo.fr\/"},{"@type":"ListItem","position":2,"name":"Accueil"}]},{"@type":"WebSite","@id":"https:\/\/www.fannycaron-osteo.fr\/#website","url":"https:\/\/www.fannycaron-osteo.fr\/","name":"Fanny Caron | Ost\u00e9opathe D.O. Dunkerque","description":"","publisher":{"@id":"https:\/\/www.fannycaron-osteo.fr\/#organization"},"potentialAction":[{"@type":"SearchAction","target":{"@type":"EntryPoint","urlTemplate":"https:\/\/www.fannycaron-osteo.fr\/?s={search_term_string}"},"query-input":{"@type":"PropertyValueSpecification","valueRequired":true,"valueName":"search_term_string"}}],"inLanguage":"fr-FR"},{"@type":"Organization","@id":"https:\/\/www.fannycaron-osteo.fr\/#organization","name":"Fanny Caron | Ost\u00e9opathe D.O. Dunkerque","url":"https:\/\/www.fannycaron-osteo.fr\/","logo":{"@type":"ImageObject","inLanguage":"fr-FR","@id":"https:\/\/www.fannycaron-osteo.fr\/#\/schema\/logo\/image\/","url":"https:\/\/i0.wp.com\/www.fannycaron-osteo.fr\/wp-content\/uploads\/2020\/03\/bandeau-2-2.png?fit=1000%2C168&ssl=1","contentUrl":"https:\/\/i0.wp.com\/www.fannycaron-osteo.fr\/wp-content\/uploads\/2020\/03\/bandeau-2-2.png?fit=1000%2C168&ssl=1","width":1000,"height":168,"caption":"Fanny Caron | Ost\u00e9opathe D.O. Dunkerque"},"image":{"@id":"https:\/\/www.fannycaron-osteo.fr\/#\/schema\/logo\/image\/"},"sameAs":["https:\/\/www.facebook.com\/Fanny-Caron-Ost\u00e9opathe-Dunkerque-101578284813703","https:\/\/g.page\/Fanny_Caron-Osteopathe_Dunkerque?gm"]}]}},"jetpack_sharing_enabled":true,"_links":{"self":[{"href":"https:\/\/www.fannycaron-osteo.fr\/index.php\/wp-json\/wp\/v2\/pages\/38","targetHints":{"allow":["GET"]}}],"collection":[{"href":"https:\/\/www.fannycaron-osteo.fr\/index.php\/wp-json\/wp\/v2\/pages"}],"about":[{"href":"https:\/\/www.fannycaron-osteo.fr\/index.php\/wp-json\/wp\/v2\/types\/page"}],"author":[{"embeddable":true,"href":"https:\/\/www.fannycaron-osteo.fr\/index.php\/wp-json\/wp\/v2\/users\/1"}],"replies":[{"embeddable":true,"href":"https:\/\/www.fannycaron-osteo.fr\/index.php\/wp-json\/wp\/v2\/comments?post=38"}],"version-history":[{"count":16,"href":"https:\/\/www.fannycaron-osteo.fr\/index.php\/wp-json\/wp\/v2\/pages\/38\/revisions"}],"predecessor-version":[{"id":196,"href":"https:\/\/www.fannycaron-osteo.fr\/index.php\/wp-json\/wp\/v2\/pages\/38\/revisions\/196"}],"wp:attachment":[{"href":"https:\/\/www.fannycaron-osteo.fr\/index.php\/wp-json\/wp\/v2\/media?parent=38"}],"curies":[{"name":"wp","href":"https:\/\/api.w.org\/{rel}","templated":true}]}}